tor of l and 36?
9
Let r = 25 - 9. What is the greatest common divisor of 176 and r?
16
Suppose 2*v + 6*m - 70 = 7*m, 0 = 4*m + 16. Calculate the highest common divisor of v and 66.
33
Let f(p) be the first derivative of 2*p**2 - 6*p - 1. Let b be (-294)/(-70)*(-5)/(-3). Let c be f(b). Calculate the highest common factor of 33 and c.
11
Let h(x) = 23*x**3 - 4*x**2 + 19*x - 17. Let v be h(1). Calculate the highest common factor of v and 133.
7
Suppose 561 = -34*j + 2091. Calculate the highest common divisor of 855 and j.
45
Let m be 1/1 + 12/(-1). Let u(s) = -s**2 - 7*s + 8. Let w be u(m). Let q be w/(-2) + 8/4. What is the greatest common divisor of q and 160?
20
Let d(k) = -21*k**2 + 4*k + 9. Let o(v) = -32*v**2 + 6*v + 14. Let n(r) = -8*d(r) + 5*o(r). Let l be n(-5). What is the greatest common factor of l and 13?
13
Suppose -4*w - 4*l + 532 + 1332 = 0, 0 = -5*w - 2*l + 2324. What is the highest common divisor of w and 29?
29
Suppose 643 = -17*i + 12033. What is the highest common divisor of 67 and i?
67
Let x = -209 - -434. Calculate the greatest common factor of 50 and x.
25
Let n(o) = 2*o**2 + 24*o - 207. Let k be n(8). What is the greatest common factor of k and 113?
113
Suppose 136 = -2*n - 28. Let r be n/(-12) - (-16)/96. Calculate the greatest common divisor of r and 49.
7
Let a = -397 - -406. Calculate the highest common factor of a and 87.
3
Let u(l) = -l**2 - 7*l. Let h be u(-3). Let y = 106 + -102. Suppose 0*o - 8 = -2*o, 2*o = -y*r + 344. What is the highest common factor of r and h?
12
Let q be 3/(9 + (-24)/4) + 29. What is the highest common factor of q and 130?
10
Let d(h) = -h**2 - 38*h + 97. Let g be d(-32). What is the highest common factor of g and 17?
17
Suppose -5*g - 8 = -3*u, -2*g - 5 = -4*u - g. What is the greatest common divisor of u and 36?
1
Suppose -7081 = -29*n + 15887. Calculate the greatest common factor of 72 and n.
72
Suppose 51 + 24 = 5*n. Suppose n*i - 17*i + 72 = 0. Calculate the greatest common factor of 4 and i.
4
Let g = -340 - -370. What is the greatest common factor of 42 and g?
6
Let l(d) = -d + 2. Let j be l(5). Let b be (-4 + 6)/((-2)/j). Suppose -b*w + 6 = -15. What is the greatest common divisor of 1 and w?
1
Suppose -5*j = 3*t - 5 - 12, -3*j - 9 = -3*t. Suppose 0 = -t*m - 2*z + 886, 3*m - 8*z - 645 = -3*z. What is the highest common factor of m and 20?
20
Suppose i = 2*a + 204, -4*a + 406 = 4*i - 446. What is the greatest common divisor of i and 10?
10
Let h = 429 + -195. Calculate the highest common divisor of h and 26.
26
Let y(d) = 5*d**2 - 125*d - 30. Let v be y(26). What is the greatest common factor of v and 60?
20
Suppose 5*n = 4*r + 74, r + 36 = 3*n - 14. Calculate the highest common factor of n and 102.
6
Suppose s + 3*b = -3, 0 = -3*s - 4*b + 5*b + 31. Suppose 20 + 25 = s*x. Calculate the highest common factor of 25 and x.
5
Let h be (2/(-4))/(3/(-6)). Suppose 2*g - h = 7. Suppose 4*v - 14 = n, -4*v + 4*n + 1 = -7. Calculate the highest common factor of v and g.
4
Let x be 2*5*2/5. Suppose 7 = -2*s + 4*j - 1, x*s = 3*j - 1. Suppose -m = 3*v - 5, s*m = -5*v - 0*v + 13. What is the highest common factor of 14 and m?
14
Suppose -8 - 12 = -5*a. Suppose -v - a*p - 6 = 0, 2*v - 3*p - 10 = -0*v. Calculate the highest common factor of 8 and v.
2
Let c(h) = 21*h**2 - h - 2. Let z be c(-1). Let u = z + -13. Suppose 9 = -3*v - 3*s, -4*s - 21 = -4*v + u. What is the highest common divisor of v and 1?
1
Let j = 2 + 0. Let h be (j/(-5))/((-13)/260). Let l(x) = 2*x + 1. Let t be l(h). What is the greatest common divisor of t and 187?
17
Suppose 497 = r - d - 175, 2688 = 4*r + 4*d. Suppose 2*b = -2*b + r. Suppose 0 = 9*k - 2*k - 147. What is the greatest common factor of k and b?
21
Let t = 6 - 3. Let x(y) = -y - 1. Let a be x(-1). Suppose 5*v - 4*f - 168 = a, t*f + f = -2*v + 56. What is the greatest common factor of 48 and v?
16
Let b(p) = -37*p + 199*p + 103*p - 1 + 0. Let s be b(1). Let j = 112 - 88. Calculate the greatest common divisor of j and s.
24
Let c(y) = y - 10. Let h be c(10). Suppose t - 4*j - 5 = 6*t, -5*t - 5*j - 10 = h. What is the highest common factor of 3 and t?
3
Suppose -284*x + 291*x = 56. Calculate the greatest common factor of 216 and x.
8
Suppose -69*y - 510 = -84*y. Calculate the greatest common factor of y and 136.
34
Suppose 0 = 11*q - 5*q - 4656. Suppose q = 3*n - 2*z, 1264 = 5*n + 3*z + z. Calculate the highest common factor of 16 and n.
16
Let s(d) = 2*d + 1. Let b be s(1). Let m be (2 - 60)/(b + -5). Let j be m + 5/((-10)/4). What is the greatest common factor of j and 27?
27
Let r(s) = -15 - s**3 + 18 - 11 - 4*s**2 + 9*s. Let j be r(-6). Let w be 4/(2 - 18/j). What is the highest common divisor of w and 8?
4
Let x(w) = w**3 + w**2 - w - 3. Let i be x(2). Let t be 2/i + (-1384)/(-56). What is the greatest common divisor of 10 and t?
5
Let x be (3 - 1) + -3 - 0. Suppose -115 = -5*o - 2*h, -3*o - 2*h - h + 60 = 0. Let p = o - x. Calculate the greatest common divisor of 130 and p.
26
Suppose 15 = -5*u, 0 = 2*v - u - 3. Suppose v = -i - 3*i + 700. What is the highest common divisor of 25 and i?
25
Let h be 15/3*1*10. Suppose -c - 5*q + 7 + 18 = 0, c = 5*q + 15. Calculate the highest common divisor of h and c.
10
Let h be (-3)/(6/(-44) - 0). Let m = 29 - h. Calculate the highest common divisor of 14 and m.
7
Suppose 2*w + 27 = 5*w. Let y be (260/(-78))/((-4)/6). Suppose 71 + w = y*b. Calculate the highest common factor of b and 176.
16
Let o be 38 + 10 + 3 + -6. Calculate the highest common factor of 225 and o.
45
Suppose -3*n - 3*z + 90 = 0, -4*n - 3*z = -38 - 80. Calculate the highest common factor of 868 and n.
28
Suppose 20*g = 2184 + 1416. Calculate the greatest common factor of 15 and g.
15
Let t be 1*((-3)/(-1) - -1). Let h(q) = -q + 18. Let d be h(8). Let l be (-6)/d - 13/(-5). What is the greatest common factor of t and l?
2
Let a = 263 + -168. Let q(m) = 2*m - 10*m + 7*m + 19. Let i be q(0). What is the highest common divisor of a and i?
19
Let q be (-8 + -1)/((-39)/26). Let j = 17 + -11. Calculate the highest common factor of j and q.
6
Suppose -p = -32*c + 30*c - 129, 601 = 5*p + c. Let x be (-2)/(-1 - (-26)/22). Let o be 0*(-3 - -2) - x. Calculate the highest common divisor of o and p.
11
Suppose -2*i + 5*i = 3*g + 57, -2*g = 0. Let k = i + -3. Let s be 5/30 + 95/6. Calculate the greatest common factor of k and s.
16
Let k(p) = -97*p + 49. Let q be k(-3). What is the greatest common factor of q and 260?
20
Let a = 2 - 14. Let v = -11 - a. Let n(c) = -2*c + 15. Let g be n(6). Calculate the highest common factor of v and g.
1
Let m = 1011 - 1002. Calculate the greatest common factor of m and 171.
9
Let u(v) = -v + 6. Let r be u(5). Let i be -3 + (3 - r) + 3. Let f be (-2 - -5) + i + 43. What is the greatest common factor of 24 and f?
24
Let n = -7170 + 7290. Let j be -48*(-1 + 0)/2. Calculate the greatest common divisor of j and n.
24
Let i be (-4)/(20/15) - (0 + 11). Let v be ((-8)/i)/((-4)/(-14)). Calculate the highest common factor of 34 and v.
2
Suppose 0*s + 24 = -s. Let j = 35 - 74. Let r = s - j. What is the highest common factor of 15 and r?
15
Let y be (-6)/9*3*-119. Suppose -3*d + y = 5*i, -3*d - d + 5*i + 329 = 0. What is the highest common factor of 27 and d?
27
Let q = 84 - 121. Let r = 60 + q. Suppose 3*l - 2*l = r. What is the highest common factor of 184 and l?
23
Let s(i) = -i - 2. Let q(a) = -a + 6. Let u(f) = q(f) - 2*s(f). Suppose l + 4 = -1. Let r be u(l). What is the highest common factor of 25 and r?
5
Let y be 1*0/(-3) + 0. Suppose l + y*l = 1. Suppose 27*n = 30*n - 12. Calculate the highest common divisor of n and l.
1
Let h be 20 + 5 + -3 + -3. Let a(c) = c**2 - 4*c - 17. Let m be a(10). Let q = m - h. Calculate the highest common factor of 36 and q.
12
Let s(k) = k**3 + k + 35. Let t be s(0). Suppose 5*a - t - 55 = 0. Let d(z) = 27*z. Let i be d(1). What is the highest common factor of i and a?
9
Suppose k + 3 = n, k = 5*k + 3*n - 9. Suppose v + 0*v - 40 = k. Suppose i - 3 = t - i, -12 = -4*t + 2*i. Calculate the highest common divisor of t and v.
5
Let f be 3*-21*(17 + 2178/(-126)). Calculate the highest common divisor of f and 576.
18
Let o be 0/(5/(-15)*(7 + 2)). Suppose 3*v - 45 = -2*z - 2*v, o = z + 4*v - 18. What is the gre